21
Let n(y) = y**3 - 102*y**2 - 239*y + 14005. Give n(103).
-3
Let w(r) = 2*r**2 - 192*r + 401. Determine w(94).
25
Let u(b) = -3*b**3 - b**2 + 15*b - 24. Give u(-3).
3
Let b(v) = 46*v + 1646. Calculate b(-36).
-10
Let o(w) = 4*w**2 + 46*w + 135. Give o(-6).
3
Let q(p) = -27*p - 58. Give q(-2).
-4
Let u(x) = x**3 - 40*x**2 + 117*x - 232. Give u(37).
-10
Let t(p) = -323*p + 654. Give t(2).
8
Let l(n) = -2*n**3 - 6*n**2 - 16*n - 39. Give l(-3).
9
Let s(l) = l**3 + 19*l**2 + 28*l + 69. Give s(-18).
-111
Let o(z) = -2*z**3 + 27*z**2 - 45*z + 235. What is o(11)?
345
Let f(v) = -3*v**2 - 57*v + 617. What is f(8)?
-31
Let j(q) = -2*q**3 + 22*q**2 + 20*q - 185. Give j(11).
35
Let l(t) = 9*t + 9. Determine l(4).
45
Let d(p) = -106*p + 533. Calculate d(5).
3
Let w(v) = -v**2 + 94*v + 366. Determine w(98).
-26
Let d(g) = -g**3 - 39*g**2 - 147*g - 110. Give d(-35).
135
Let f(c) = -c**2 + 38*c + 20. What is f(39)?
-19
Let v(o) = -910*o + 35484. Give v(39).
-6
Let f(t) = -3*t**3 + t**2 - 31. Give f(0).
-31
Let y(g) = -243*g + 6210. Determine y(26).
-108
Let h(q) = 3478*q + 135650. Determine h(-39).
8
Let u(f) = 60*f - 14599. Calculate u(243).
-19
Let l(z) = 133*z - 988. Give l(8).
76
Let m(y) = y**2 - 24*y + 114. Calculate m(11).
-29
Let l(w) = 35*w + 355. Give l(-13).
-100
Let c(n) = -2*n**2 - 2066*n + 18706. What is c(9)?
-50
Let q(g) = -419*g - 3917. Determine q(-9).
-146
Let j(t) = 308*t**2 - 12*t - 12. Calculate j(-1).
308
Let a(g) = g**2 - 174*g - 1459. Give a(-8).
-3
Let f(z) = 22539*z + 135216. Determine f(-6).
-18
Let y(w) = -2*w**3 - 8*w**2 + 31*w + 106. Give y(-5).
1
Let q(s) = -2*s**3 - 177*s**2 + 644*s - 23. Calculate q(-92).
-23
Let o(t) = 8*t**2 - 2033*t - 1758. Determine o(255).
27
Let u(w) = -134*w - 6719. What is u(-50)?
-19
Let t(n) = -n + 104. Calculate t(18).
86
Let g(b) = -2*b**2 + 167*b + 2087. Determine g(95).
-98
Let r(x) = -x**2 + 86*x - 1839. Give r(40).
1
Let q(n) = n**3 + 11*n**2 + 20*n + 91. Give q(-10).
-9
Let k(d) = d**3 + 3*d**2 - 110*d + 8. Calculate k(0).
8
Let h(l) = l**3 - 45*l**2 + 80*l + 8. Calculate h(2).
-4
Let a(r) = -r**2 + 65*r - 118. Determine a(62).
68
Let n(o) = -60*o + 49. Give n(1).
-11
Let o(t) = -5*t - 8. What is o(-9)?
37
Let y(m) = -2*m**2 - 168*m - 3138. Determine y(-28).
-2
Let n(o) = 4*o**3 - 2*o**2 + 3*o - 5. Calculate n(4).
231
Let u(n) = -46*n**2 + 324*n - 5. Calculate u(7).
9
Let s(o) = -16*o**2 - 280*o - 1084. What is s(-4)?
-220
Let r(x) = -x**3 + 9*x**2 + 53*x - 414. Calculate r(8).
74
Let w(h) = -39*h + 332. Give w(9).
-19
Let l(k) = 6*k + 274. Give l(-99).
-320
Let t(u) = -6*u + 679. What is t(122)?
-53
Let f(z) = -z**2 - 5*z - 30. Determine f(-3).
-24
Let y(c) = 3*c**2 + 3*c + 3. Give y(-2).
9
Let g(u) = -5*u**3 - 72*u**2 - 109*u - 240. Determine g(-13).
-6
Let s(v) = -v**2 - 83*v - 971. What is s(-65)?
199
Let n(g) = 7*g - 45. Determine n(9).
18
Let k(t) = -3*t**3 - 431*t**2 + 147*t + 434. What is k(-144)?
2
Let r(o) = -4*o**3 + 121*o**2 - 38*o + 249. What is r(30)?
9
Let d(o) = 98*o + 7511. Determine d(-77).
-35
Let u(d) = -d**2 - 19*d - 37. Determine u(-11).
51
Let v(p) = 8*p**3 - 2*p**2 + 3*p - 2. Calculate v(-3).
-245
Let w(l) = -59*l - 48. Give w(1).
-107
Let k(d) = 33*d + 366. What is k(-11)?
3
Let v(a) = -51*a**2 + 1739*a - 137. Determine v(34).
33
Let s(y) = -5*y**2 - 87*y - 180. Give s(-15).
0
Let n(s) = -3*s**3 - 10*s**2 - 29*s - 2. Give n(-5).
268
Let n(w) = 18*w**3 - 7*w**2 - 14*w - 9. What is n(-2)?
-153
Let s(c) = c**2 + 104*c - 1164. What is s(10)?
-24
Let h(y) = -y**3 - 49*y**2 - 557*y + 10. Calculate h(-18).
-8
Let b(h) = h**3 + 42*h**2 + 79*h - 79. Give b(-40).
-39
Let v(l) = l**2 + 2139*l + 19170. Calculate v(-9).
0
Let k(d) = 16*d**3 + 3*d**2 + d - 5. Calculate k(1).
15
Let l(h) = -h**2 + 53*h - 827. What is l(36)?
-215
Let l(i) = 296*i - 8902. Calculate l(30).
-22
Let g(i) = -8557*i + 17112. Calculate g(2).
-2
Let j(d) = 67*d + 931. Give j(-14).
-7
Let u(p) = -96*p - 1050. Calculate u(-11).
6
Let v(k) = k**2 - 49*k - 94. Determine v(53).
118
Let i(q) = -28*q**2 - 13*q + 29. Determine i(2).
-109
Let u(x) = 5*x**3 + 4*x**2 + 4. Give u(3).
175
Let s(r) = r**3 - 9*r**2 + 18*r - 21. Calculate s(7).
7
Let j(k) = 2*k**3 + 10*k**2 - 28*k - 3. Determine j(-7).
-3
Let z(b) = 3*b**2 + 11*b - 34. Give z(-6).
8
Let t(v) = -118*v + 188. Calculate t(2).
-48
Let k(f) = -f + 111. What is k(-36)?
147
Let i(d) = 6*d**3 + 24*d**2 + 26*d + 3. Calculate i(-1).
-5
Let j(f) = -385*f + 2227. Determine j(6).
-83
Let c(f) = f**2 + 680*f - 81536. What is c(104)?
0
Let j(u) = -30*u**2 + 68*u + 67. Determine j(-1).
-31
Let y(x) = -x**3 - 49*x**2 + 455*x - 76. Determine y(-57).
-19
Let t(b) = -4*b**2 - 40*b - 244. Calculate t(-7).
-160
Let o(i) = -2*i**2 - 224*i + 2895. Give o(12).
-81
Let v(m) = -15*m - 169. Calculate v(-14).
41
Let v(q) = 44*q - 527. What is v(15)?
133
Let n(t) = 13*t - 716. Determine n(15).
-521
Let r(q) = -35*q**2 + 11*q - 10. Determine r(1).
-34
Let i(k) = -k**3 + 10*k**2 - 7*k + 236. Determine i(11).
38
Let b(v) = -6*v**2 - 501*v + 1292. What is b(-86)?
2
Let i(m) = 24*m + 465. Determine i(-31).
-279
Let g(x) = -23*x**3 - 3*x**2 - 333*x - 330. Give g(-1).
23
Let u(t) = 13*t**2 + 2663*t - 410. What is u(-205)?
0
Let h(o) = 2*o**3 - 17*o**2 + 32*o + 23. What is h(4)?
7
Let m(r) = -56*r + 2. Calculate m(4).
-222
Let r(j) = -7*j**2 + 3*j - 24. Determine r(-6).
-294
Let k(v) = 2*v**3 + 140*v**2 - 2155*v + 249. Determine k(-83).
0
Let z(y) = 4*y**3 + 28*y**2 - 18. Determine z(-7).
-18
Let p(i) = -i**3 + 87*i**2 - 1803*i + 22. Give p(53).
-31
Let y(d) = -2*d**3 - 13*d**2 + 61*d + 297. Determine y(-8).
1
Let s(y) = 10*y**2 + 1916*y + 1914. Determine s(-1).
8
Let s(f) = -559*f - 568. Give s(-1).
-9
Let s(a) = -5*a**2 - 11*a + 34. Give s(2).
-8
Let k(s) = 3*s**3 - 64*s**2 + 19*s + 44. Calculate k(21).
2
Let j(v) = -332*v**2 - 32. Determine j(0).
-32
Let q(f) = -f**3 - 35*f**2 - 28*f + 185. Calculate q(-34).
-19
Let b(x) = -103*x + 5223. Give b(51).
-30
Let i(f) = -f**2 - 4*f + 26. Calculate i(-10).
-34
Let j(a) = -a**3 - 27*a**2 + 25*a + 40. Calculate j(-28).
124
Let p(h) = -10*h + 124. Calculate p(26).
-136
Let r(q) = 58*q**2 - 188*q + 45. Determine r(3).
3
Let i(v) = -3*v**2 + 3178*v - 47001. Determine i(15).
-6
Let b(u) = 85*u + 13. Calculate b(0).
13
Let u(i) = i**3 + 31*i**2 + 32*i - 6. Determine u(-30).
-66
Let i(q) = q**3 + 20*q**2 + 93*q + 330. What is i(-13)?
304
Let p(c) = -c**3 - c**2 - 12*c - 14. What is p(-8)?
530
Let m(z) = -z**2 + 15*z + 1432. What is m(46)?
6
Let k(w) = -w**3 + 22*w**2 + 63*w - 351. What is k(24)?
9
Let j(t) = -79*t - 6077. Give j(-77).
6
Let n(q) = -q**3 + 66*q**2 + 213*q - 411. What is n(69)?
3
Let z(d) = -2*d**2 + 307*d + 12. Determine z(0).
12
Let g(r) = -3*r**2 - 5*r - 53. What is g(-5)?
-103
Let j(p) = -2*p**3 + 49*p**2 + 35*p + 28. Give j(25).
278
Let m(c) = c**2 + 28*c + 40. Give m(-31).
133
Let z(s) = -248*s + 501. Determine z(2).
5
Let z(w) = 31*w + 510. Determine z(-16).
14
Let x(v) = 412*v + 1. Give x(0).
1
Let t(n) = n**3 + 36*n**2 - 2585*n + 507. Calculate t(-72).
3
Let k(u) = 120*u - 849. Determine k(7).
-9
Let w(u) = 2*u**3 + 41*u**2 - 16*u + 79. Calculate w(-21).
-26
Let z(l) = l**3 - 115*l**2 - 479*l + 234. Calculate z(119).
-123
Let z(i) = i**2 - 36*i + 334. Determine z(20).
14
Let h(k) = 62*k - 75. Give h(4).
173
Let t(g) = -16*g**2 + 102*g + 309. What is t(-3)?
-141
Let g(u) = 3*u**3 - 83*u**2 - 125*u + 247. Give g(29).
-14
Let o(i) = 124*i - 6. Calculate o(-3).
-378
Let q(f) = -14*f**2 + 152*f + 12. Calculate q(14).
-604
Let q(b) = -b**3 - 14*b**2 - 14*b - 20. What is q(-13)?
-7
Let u(z) = -2*z**3 - 18*z**2 + 3*z + 17. Determine u(-9).
-10
Let i(h) = -24*h - 101. Give i(-19).
355
Let w(f) = -f**3 - 27*f**2 + 28*f - 4. Determine w(-28).
-4
Let a(g) = -1876*g - 22493. Calculate a(-12).
19
Let i(w) = -2*w**2 - 15*w - 7. What is i(-7)?
0
Let j(o) = -2*o**3 + 49*o**2 - 208*o + 2. Give j(5).
-63
Let l(x) = -6*x**2 + 37*x + 155. Calculate l(9).
2
Let i(v) = -4*v**3 + 13*v**2 - 74*v + 294. Determine i(4).
-50
Let f(q) = 468*q - 928. Calculate f(2).
8
Let v(g) = 6*g**3 + 107*g**2 - 17*g + 7. Give v(-18).
-11
Let s(n) = n**2 - 110*n - 348. Give s(-3).
-9
Let g(x) = -59*x - 2354. Calculate g(-40).
6
Let t(x) = -3*x**3 - 19*x**2 + 10*x + 96.